 -k + 0*k + 3 = 0. Let j(b) = -2 + 6*b + 2 - k - b**2. Give j(o).
2
Suppose -f = -x - 16, 5*f - 4*x = 12 + 65. Let z(v) = -v + 2. Give z(f).
-11
Let k(y) = 10 + 11 + 6*y - 24 - 4*y. Calculate k(7).
11
Let d = 7 + -2. Suppose -d*g - 8 = -3. Let o(h) = -9*h**2 - 7*h - 1. Let a(n) = -10*n**2 - 8*n - 1. Let y(f) = 6*a(f) - 7*o(f). What is y(g)?
3
Let z be (16/(-7) - -2) + (-338)/91. Let f(d) = d**3 + 4*d**2 - d - 1. Give f(z).
3
Suppose 1103 + 553 = 128*t + 56*t. Let u(g) = 4*g**2 - 6*g + 3. Let p(d) = 7*d**2 - 13*d + 5. Let a(o) = -3*p(o) + 5*u(o). Give a(t).
0
Suppose -14*k + 16*k + 4*q - 24 = 0, 0 = -5*k + 4*q + 4. Let z(y) = 4*y**2 - 2*y + 3. Determine z(k).
59
Let t(z) = z**2 + 4*z - 495. Let o be t(-24). Let c(l) = -l**3 - 16*l**2 - 13*l + 6. Give c(o).
-24
Let x(k) = -k**2 + k - 11. Suppose -4*f = -5*i, 7*i = 11*i - 5*f. Determine x(i).
-11
Let p = 104 - 102. Let y(t) = -t - 3. What is y(p)?
-5
Let k(i) be the third derivative of i**5/60 - i**4/24 - 38*i**2 + 2*i. Give k(4).
12
Let s be -4*(4/(-6))/((-20)/(-15)). Let j be (-25 + 20)*2/5*s. Let r(v) = 2*v**3 - 3*v**3 + 7*v - 3*v**2 - 2*v - 3. Determine r(j).
-7
Let n(m) = -m**2 - 5. Let g(w) = w**2 - 14*w + 13. Suppose -12 = 8*q - 12*q. Let l be 11 - q*8/(-12). Let f be g(l). Calculate n(f).
-5
Let c(q) = -2*q - 7. Let s(k) = 9*k + 38. Let f(p) = 6*c(p) + s(p). Suppose -2*o + 7*o + 10 = 0. Let l = o - 1. Calculate f(l).
5
Let j(m) = -3*m - 4. Suppose -57 = 38*t - 19*t. Calculate j(t).
5
Let f(b) = -2*b + 4. Suppose -3*j - 3*a - 9 = -2*a, 0 = -3*j - 4*a. Calculate f(j).
12
Suppose 32 + 1 = -3*w. Let i = w + 11. Let c(y) = -y**2 + y - 6. Give c(i).
-6
Let h(k) be the second derivative of -k**5/20 - k**4/3 + k**3 + 3*k**2 - 68*k. Determine h(-5).
1
Let x(q) = q**2 - 8*q - 4. Let r be 10 - (0 - -1 - (-9 - -7)). Give x(r).
-11
Let x be (-11)/(-3) - 12/18. Suppose 4*c + o - 23 = 0, 1 = -c + 3*o + 10. Suppose 12 = -c*j + x*j. Let u(k) = k**3 + 2*k**2 - 7*k - 5. Calculate u(j).
-9
Let p(r) = -2*r + 2. Let b be (2/(-5))/((-4)/40). Let l = b + 1. Suppose -l*c + 10 = -10. Determine p(c).
-6
Suppose -5 = -k - l, 0 - 9 = -3*k - l. Suppose -5*g + k*w - 5 = -3*w, 0 = 3*g + 5*w - 37. Let o(i) = 449 - g*i**2 + i**3 - 449 + 2*i. What is o(2)?
-4
Let q = -20 - -19. Let r = q - -5. Let n(o) = 14 + 3*o - 2*o + 1 - r. Give n(-5).
6
Let o(d) = -d**3 - 6*d**2 + 16*d + 4. Let l be o(-8). Let s(a) = -2*a**2 + a**3 + 3*a - 4 - 2*a**2 + 0. Calculate s(l).
8
Suppose -15*p + 29*p = 10*p. Let h(n) be the third derivative of 1/2*n**3 + p - n**2 - 1/24*n**4 + 0*n. Give h(3).
0
Let l(i) = -4 + 4 + 0*i + i**3 - 2*i - 3 - 2*i**2. Suppose -3*t + 2*r = 6*r - 10, -2*r - 4 = -3*t. Suppose 2*d - 12 = -t*d. What is l(d)?
0
Let v be 12/14 - (-54)/(-420)*-5. Let k(g) be the second derivative of 1/20*g**5 + 0*g**3 + 0 - v*g**2 - 10*g + 1/12*g**4. Give k(0).
-3
Let h(y) = -2*y - 1. Let z = -2 + -2. Let j be ((-6)/2)/(6/z). Determine h(j).
-5
Let o(l) = l**3 + 5*l**2 - l + 2. Let z be o(-5). Let i(v) = -4 - 10*v + 16 + 9*v. Determine i(z).
5
Let m be 2/4 + 45/(-6). Let h(r) = -5*r**2 + 5*r + 7. Let u(d) = 2*d**2 - 6*d - 2. Let t(s) = h(s) + 2*u(s). What is t(m)?
3
Let f(q) = -4*q + 7. Let u = -185 - -188. Calculate f(u).
-5
Let d(m) be the third derivative of -m**4/3 + m**3/6 + 8*m**2 + 4*m. Calculate d(5).
-39
Let u(t) = t**2 + 2*t - 12. Let v = -390 - -385. Give u(v).
3
Let j(p) = -5 + 0*p - p - 3*p + p. Calculate j(-6).
13
Let o(f) = 9*f - 10. Let n(i) = 14*i - 15. Let c(j) = -3*j + 22. Let d be c(9). Let x(v) = d*n(v) + 8*o(v). Give x(-4).
-13
Let m(y) = 2 - 5*y + y + 6*y. Give m(2).
6
Suppose -p - s = 7, -17*p - 28 = -13*p + 5*s. Let n(y) = y**2 + 12*y - 6. What is n(p)?
-41
Let a be (2/(-1))/(25 - 23). Let v(o) = 16*o**3 - 2*o - 3. Calculate v(a).
-17
Let o(j) = j**3 + 5*j**2 + 4*j - 6. Let p(u) = u**3 + 13*u**2 + 28*u + 188. Let x be p(-12). Determine o(x).
-6
Let p be 8/4*(-25)/(-10). Let d(x) = 7*x**3 + x**2 - 8*x - 2. Let a(v) = 6*v**3 - 7*v - 1. Let i(n) = p*d(n) - 6*a(n). Determine i(5).
6
Let x(w) be the first derivative of w**2/2 + 31*w + 795. Give x(13).
44
Let y(a) be the first derivative of -a**3/2 - 3*a**2 - 5*a + 1. Let m(w) be the first derivative of y(w). Determine m(-4).
6
Let y(k) be the second derivative of -1/2*k**2 + 0 + 2*k - 7/6*k**3. Calculate y(-1).
6
Let t(o) be the second derivative of 4/3*o**3 + 4*o + 0 - 1/12*o**4 - 3/2*o**2. Let r(a) = -a**3 - 6*a**2 - 6*a + 13. Let n be r(-4). What is t(n)?
12
Let u(i) = 5*i - 5. Let b = -4 - -13. Let f(q) = -4 + 2*q + 3 - q. Let z(x) = b*f(x) - 2*u(x). Determine z(6).
-5
Let x(v) = 2*v + 1. Let d be 7 - -2 - 6/2. Suppose 0 = -0*y - d*y + 78. Suppose 0 = 3*r + c - 8, -r - 2*r + 4*c = -y. What is x(r)?
7
Let r(o) = o**3 - 9*o**2 + 6*o + 8. Let d be ((-10)/(-6))/(5 - 264/54). Suppose 12*n + 24 = d*n. Determine r(n).
-8
Let l(v) = 4*v**2 - 5*v + 5. Let i(x) = x**2. Let d(r) = 3*i(r) - l(r). Calculate d(4).
-1
Let v(k) = -15*k + 8. Let y = -568 - -566. What is v(y)?
38
Let g(o) be the second derivative of o**5/20 + 5*o**4/12 - 13*o**3/6 + 17*o**2/2 + 4*o + 29. Calculate g(-7).
10
Let t(x) be the third derivative of 0*x + 1/24*x**4 - 2*x**3 + 0 + 50*x**2. Calculate t(13).
1
Let t(f) be the third derivative of 0 + 1/30*f**5 + 15*f**2 + 0*f + 1/120*f**6 + 1/12*f**4 + 1/6*f**3. What is t(-1)?
0
Suppose 3*n = 6*a + 6, -3*a + 2*a = -n + 3. Let y(k) be the first derivative of k**4/4 - 4*k**3/3 + 4*k + 1. Give y(n).
4
Let y(h) be the first derivative of -h**2 + 106. Suppose -2*q = q + 9. Determine y(q).
6
Let u(x) be the first derivative of x**2/2 + 10*x - 449. Determine u(-5).
5
Let b(p) = 15*p**3 - 14*p**2 + 3*p + 9. Let c(l) = 7*l**3 - 7*l**2 + l + 4. Let x(s) = 6*b(s) - 13*c(s). Suppose -6*f + 139 = 91. What is x(f)?
-22
Let k(s) be the second derivative of s**4/12 + s**3 - s**2/2 + 2*s + 27. Give k(-5).
-6
Suppose 6*n = 19*n - 52. Let b(k) = 2*k**2 - 5*k + 3. Give b(n).
15
Suppose 0 = -u - 3*z - 9, -43*u + 4*z + 12 = -38*u. Suppose -3 + 0 = -t. Let o(g) = -2*g + 0*g - g**2 + t*g + 5. What is o(u)?
5
Let h(j) = -5*j**3 - j**2 - 5. Let d(w) = -9*w**3 - 2*w**2 - 9. Let g(y) = 6*d(y) - 11*h(y). Determine g(2).
5
Let n(i) = -3*i - 7. Suppose 2*l - 11 = 5*c, -6*c + 2*c = 4. What is n(l)?
-16
Let s(y) = y + 6. Let o = -40 + 39. Let q be o/(-4) + (-2)/8. Give s(q).
6
Let h be -3 + (12 - 1) - -1. Suppose 15 = 3*t - h. Let g(f) = -t*f + 10*f - 5*f + 1 - 4*f. Determine g(2).
-13
Let f(d) = -5*d + 7*d - 3 - 3 + 11. Give f(-4).
-3
Let l(q) = 5*q - 3*q**3 - 41 - 3*q + 42 + q**3. What is l(-1)?
1
Let m(r) = 1 - 51*r - 51*r + 154*r - 56*r. Let z(v) = -4*v**2 - v - 1. Let j be z(-1). What is m(j)?
17
Let a(d) be the third derivative of d**4/24 - 5*d**3/6 + 95*d**2. What is a(6)?
1
Let t(j) = -5*j - 18. Let p(n) = 4*n + 16. Let h(s) = -6*p(s) - 5*t(s). Calculate h(4).
-2
Suppose 2 = y + 6. Let k(z) be the first derivative of -4/3*z**3 - 1/4*z**4 + 13 - 1/2*z**2 + 4*z. Give k(y).
8
Let z(n) be the second derivative of -1/20*n**5 + 0*n**2 + 0*n**3 + 0*n**4 + 2*n + 0. Let o be (6/12)/(-1 + (-3)/(-4)). Give z(o).
8
Let m(d) = d**2 - 20*d + 106. Let i be m(10). Let p(x) = x + 1 + 0 - 7. What is p(i)?
0
Let x(n) = n**3 - 2*n**2 + 3*n**2 + 3*n**2. Let s(u) = -u**3 - u**2 + 25*u + 53. Let g be s(-3). Give x(g).
0
Suppose -11 = 3*y + 5*j - 4*j, 4*y + 17 = j. Let v(b) = b - 3. What is v(y)?
-7
Let l(z) be the third derivative of z**6/120 - 7*z**5/60 + z**4/4 + 3*z**3/2 - 452*z**2. Give l(5).
-11
Let o(z) = z**2 - 3*z + 4. Let f(l) be the third derivative of -5*l**4/24 - 2*l**3/3 - 3*l**2. Let u be f(-2). What is o(u)?
22
Suppose -2 = 3*u - 4*u. Suppose -2*s = 4*o - u, -2*o + 3*s + 3 = -5*o. Let l(v) = 0*v**3 - v**3 + 3 - 1 + v**2. What is l(o)?
-2
Let g(r) = 81 - 78 + 22*r - 23*r. What is g(8)?
-5
Let q be -3 + (-3)/9*-15. Suppose q*g + 2*g - 24 = 0. Suppose v + 5 = g*v. Let l(f) = 10*f**3 - 2*f**2 + 2*f - 1. Give l(v).
9
Let h(a) = 2*a**3 + a**2 - a + 4. Let m = -2189 - -2187. Calculate h(m).
-6
Let r(j) = -107*j - 328. Let l be r(-3). Let f(m) = -2*m**3 - 13*m**2 + 5*m - 24. Calculate f(l).
-10
Let d(o) be the first derivative of -15 - 26*o + 27*o + 2 - 2*o**2. Let a(j) = 2*j**2 + j - 1. Let k be a(1). Give d(k).
-7
Let q(i) = -3*i - 9. Let h(a) = 6*a + 17. Let n(s) = -3*h(s) - 5*q(s). Give n(7).